thousands digit of ((-2)/(-4))/((-3)/93950)*963/(-535)?
2
Suppose -2*f = 2*f - 80. Suppose 0 = 7*s - f*s + 26. Suppose -s*i + 172 = d, -i - 4*d - 25 = -111. What is the units digit of i?
6
Let a(v) = 3*v**3 - 72*v**2 + 43*v + 51. Let d(y) = -y**3 + 36*y**2 - 21*y - 26. Let w(s) = 2*a(s) + 5*d(s). What is the tens digit of w(-36)?
5
Suppose -4*t - 1 = -2*t - 3*f, 4*t = 2*f + 10. Suppose -180 = -0*h + t*h. Let r = h - -61. What is the tens digit of r?
1
What is the tens digit of 27152 - 9/(180/(-340))?
6
Suppose g + 1 = 0, 4*k - 113183 = 4*g + 12905. What is the tens digit of k?
2
Suppose -5*j + 2359 = 4*n - 8654, -11034 = -4*n + 2*j. What is the hundreds digit of n?
7
Let t = -109 - -116. Let w(y) = 12*y**2 - 9*y + 75. What is the hundreds digit of w(t)?
6
Let s = 89045 + -36989. What is the hundreds digit of s?
0
Let j(h) be the first derivative of 2*h**3 + 10*h**2 + 22*h - 168. What is the tens digit of j(-15)?
7
What is the units digit of 1953608/108 - (-52)/1404?
9
Let j = 369 - 366. Suppose 26*r - 14053 = j*r. What is the units digit of r?
1
Let p(j) = 21*j - 98. Let w be p(5). Let x(u) = u**3 - 4*u**2 - 10*u + 2. What is the units digit of x(w)?
9
Let z(c) = 20*c + 10 + 43*c - 40*c. Let f = 9 + -4. What is the units digit of z(f)?
5
Suppose -2*i + 3767 + 2123 = 3*k, -2*i = 4*k - 7856. What is the hundreds digit of k?
9
Let m(f) = 89*f**3 - 6*f**2 - 2*f + 4. What is the tens digit of m(2)?
8
Suppose -6 = -21*w + 19*w - m, -w + 4*m = -3. Suppose -w*t + 804 = c, c + c + 4*t = 1606. What is the tens digit of c?
0
Let x be 2 + 2/(2 + -3). Let b(j) = 2*j**2 + j + 1. Let u be b(2). Suppose x = -4*i + 255 - u. What is the tens digit of i?
6
Let h be (-5)/((-165)/(-6)) - (-230)/55. Let n(g) = 20*g - 16 - 19 - h*g - 7. What is the units digit of n(7)?
0
Suppose 9*j = 8*j + 2. Suppose 0 = 5*y + 4*g - 3*g - 1969, 5*g = -j*y + 806. Let s = y + -231. What is the hundreds digit of s?
1
Let n = -720 + 1668. Let v = n - 423. What is the hundreds digit of v?
5
Let a = -18077 + 18763. What is the units digit of a?
6
Suppose 30546 - 164940 = -26*v. What is the hundreds digit of v?
1
Let s(z) = -5*z**3 + z + 2. Let g(f) = -f**2 + f - 1. Let w = 20 + -22. Let c(a) = w*g(a) - s(a). What is the units digit of c(3)?
4
Suppose 0 = -x - 0*x - 89. Let g = x + 96. Suppose 2*h + 1055 = g*h. What is the tens digit of h?
1
Let s(a) = 13*a + 13. Suppose -n - 19 = 4*z + 5, 0 = -5*z - n - 29. Let q be s(z). Let j = 54 + q. What is the units digit of j?
2
Let y(m) = -10*m**2 - 3*m - 13. Let h(r) = -3*r**2 - r - 4. Let t(p) = 7*h(p) - 2*y(p). Let o be t(0). What is the units digit of -7*(-1 - -23)/o?
7
Let z be (-1)/(-15) - 4869/135. What is the hundreds digit of (-5 - z/8)*1696/(-2)?
4
Suppose -9*k - 11 = -155. Let h be (2*4/k)/((-1)/(-30)). Suppose 0 = h*a - 11*a - 432. What is the units digit of a?
8
Let r(p) = 5*p**2 - 74*p + 1450. What is the thousands digit of r(41)?
6
Let f(x) be the second derivative of x**4 - 19*x**3/3 - 2*x**2 + 43*x + 3. What is the tens digit of f(10)?
1
Suppose t - 2590 = -375*z + 379*z, 3*t - 7692 = -z. What is the units digit of t?
6
Suppose 0 = -49*o + 84*o - 38360. What is the units digit of o?
6
Suppose 1220 = 8*l + 12*l. Suppose -l = 2*i + 5*g - 2861, 4219 = 3*i - 2*g. What is the hundreds digit of i?
4
Let d = 122 - 215. Let q = 147 - d. Suppose -5*l + 13*l - q = 0. What is the tens digit of l?
3
Let b = -113 + 4. Let x = 34 - b. What is the hundreds digit of x?
1
Let k(b) = b**3 + 4*b**2 - 5*b. Let i be k(-5). Suppose -4 = 6*z - 7*z, 3*o - 3*z - 348 = i. What is the units digit of o?
0
Let n = -11879 - -29828. What is the ten thousands digit of n?
1
Let p = 38 - -33. Let k = p - 322. Let v = 353 + k. What is the hundreds digit of v?
1
Suppose -230*w + 229*w = 3*m - 7665, 45 = -5*m. What is the units digit of w?
2
Let y be 15/10*52*(-2)/(-6). Let l(a) = a**2 - 27*a + 24. Let t be l(y). What is the units digit of (0 + -5)/5*t?
2
Let t(i) be the second derivative of i**4/2 - i**3/3 + 2*i**2 - 24*i. What is the units digit of t(3)?
2
Suppose -130*s + 131*s = -3*z + 32373, -z + 2*s = -10777. What is the units digit of z?
9
Suppose 1880*p - 1863*p = 170595. What is the ten thousands digit of p?
1
Let g be 9/(-16)*12/9*332. Let j = g - -994. What is the hundreds digit of j?
7
Let c be 57 + -63 - -3*4. Suppose -c*g + 2155 = -2561. What is the hundreds digit of g?
7
Let l be ((-9)/(-12))/(69/(-36) + 2). Suppose -2 = -l*a + 8*a. Suppose 2*n = 5*t + 152, t - 39 = -a*n + 137. What is the units digit of n?
6
Suppose 2*g = 2*h - 18, 2*g = h - 3*g - 29. Suppose 0 = 3*j + 3*i - 420 - 306, -h*i + 12 = 0. What is the units digit of j?
9
Let w be 6 + (439 - -3) + 6. Suppose 2*i - 1142 = -4*h, -w - 1264 = -3*i - h. What is the units digit of i?
3
Suppose -46*o + 2 = -44*o, -3*o = -3*l + 25194. What is the hundreds digit of l?
3
Suppose -12 = -16*f + 18*f. Let n be 2 + 3 + f + 4. Suppose -670 = -2*s - n*s - 2*r, -134 = -s + 2*r. What is the hundreds digit of s?
1
Let d(x) = x - 7. Let b be d(9). Suppose -2*u = 4*q - 234, b*q - 339 = -4*u + u. What is the tens digit of u?
1
Let p = 8077 + -7070. What is the tens digit of p?
0
Suppose -17*f = -18*f - 246. Let c = f - -395. What is the units digit of c?
9
Let u(a) = a**2 + 60*a - 655. What is the units digit of u(27)?
4
Suppose -7*a = -5*a - 40. Suppose 0 = -29*o + 34*o - a. Suppose o*g - 171 = -47. What is the units digit of g?
1
Let w be (168/63)/((-4)/(-6)). Suppose 5*n + 1360 = 5*c, 0*c + 5*n = -w*c + 1133. Let z = 402 - c. What is the tens digit of z?
2
Suppose -4*a + 143118 + 87662 = 4*b, 0 = -a - 2*b + 57700. What is the hundreds digit of a?
6
Suppose 5*f - 217945 = 4*m + 149309, -2*f + 146874 = 3*m. What is the hundreds digit of f?
4
Let a(g) = 6*g**2 + 20*g - 13. Let n(q) = -3*q**2 - 10*q + 6. Let k(d) = -3*a(d) - 7*n(d). Suppose r + 10 = 2. What is the hundreds digit of k(r)?
1
What is the thousands digit of 4047 + -6*(-77)/(-33)?
4
Suppose y = 2*p + 8540, 2*y - 20995 + 3920 = 3*p. What is the thousands digit of y?
8
Let o be -6 - (14824/(-8) + -4). Let r = -1099 + o. What is the units digit of r?
2
Let v(n) = -27*n + 19*n**2 + 52*n + 83 - 9*n + 14*n**2. What is the hundreds digit of v(-4)?
5
Let p = 99 + -171. Let n be ((-212)/(-6))/((-1)/3). Let c = p - n. What is the units digit of c?
4
Let c = -53 + 55. Suppose 6*d = 5*d + c. Suppose -d*z + 46 = -z. What is the tens digit of z?
4
Suppose 0 = -3*t + 2*o - 17686, 3*t - 2339 = -o - 20037. What is the units digit of ((-595)/(-14))/(-17)*t/15?
3
Let x(m) = m**2 + 4*m + 1. Let l be x(-4). Suppose 3 = u - l. Suppose -10*k = -u*k - 228. What is the tens digit of k?
3
Let u(k) = 80*k + 330. Let j be u(-4). Let r = -14 + 20. Suppose r*v + 400 = j*v. What is the tens digit of v?
0
Let p(t) = 3*t**2 - 6*t - 13. Let w be p(9). Suppose -w = 6*a - 8*a. Let r = a - 49. What is the tens digit of r?
3
Let z be 1 + 1*(-3)/(-1) - -23. Suppose 0 = -10*x + z*x - 16541. What is the hundreds digit of x?
9
Suppose 0*h - 2*h = -3*p + 14, 0 = 5*p - 3*h - 23. Let o(s) = -23*s**2 + 2*s + 7. Let u be o(p). Let l = -198 - u. What is the tens digit of l?
5
Let a(c) = -c + 1. Let l(d) = -8*d + 8. Let o(x) = a(x) + l(x). Let w(k) = 7*k + 15. Let f be w(-3). What is the tens digit of o(f)?
6
Suppose 4*m - 829 = 335. Suppose d = -0*w + 4*w - m, -5*w = 5*d - 395. What is the units digit of w?
4
Let l = -648 - -664. Suppose 0 = l*h - 217 - 167. What is the units digit of h?
4
Let a = -15 + 20. Suppose -3*m = -a*m + 504. What is the tens digit of m?
5
Let c = -56 + 76. Suppose c = -2*s + 292. What is the tens digit of s?
3
Let z = 61523 - 8855. What is the units digit of z?
8
Suppose 0 = -214*g + 194*g + 124457 + 140723. What is the hundreds digit of g?
2
Let p = 435 - 427. What is the tens digit of (58/(p/(-4)))/(4/(-112))?
1
Let d = -1369 + 2327. Suppose -2*m - d + 2948 = 0. What is the units digit of m?
5
Let z(a) = 140*a**2 - 62*a + 399. What is the thousands digit of z(7)?
6
Let v(r) be the second derivative of 5*r**3/3 + 6*r**2 + 286*r. Suppose 13 = 5*f - 7. What is the units digit of v(f)?
2
Suppose -74*p + 19*p = -606961 - 1156504. What is the ten thousands digit of p?
3
Suppose p - 5*k - 36 = -6, -3*p - k = -10. Suppose -50 = -3*l - 2*n, -2*l + 5*n + 22 = -p. Suppose 0 = 